{"id":203,"date":"2022-03-08T10:19:15","date_gmt":"2022-03-08T09:19:15","guid":{"rendered":"https:\/\/outdoortime.se\/stockentraffen\/?post_type=product&#038;p=203"},"modified":"2025-08-14T20:25:28","modified_gmt":"2025-08-14T18:25:28","slug":"fredagspaddlng","status":"publish","type":"product","link":"https:\/\/outdoortime.se\/stockentraffen\/produkt\/fredagspaddlng\/","title":{"rendered":"Fredag &#8211; Paddling till &#8221;mini-nimis&#8221; och H\u00e4lleviksstrand"},"content":{"rendered":"","protected":false},"excerpt":{"rendered":"<p>F\u00f6r de som finns p\u00e5 plats fredag ordnar vi en tur till l\u00e4mpligt omr\u00e5de, helt anpassat till v\u00e4der och vind. Grundplanen \u00e4r att spana in Mini-Nimis fr\u00e5n vattnet och sedan pausa i H\u00e4lleviksstrand.<\/p>\n<p>Start 10.00 och en heldag p\u00e5 vattnet. Tillbaka mellan 14.00 och 15.00<\/p>\n<p>D\u00e5 vattnen kring Stocken \u00e4r stundtals utsatta beh\u00f6ver du som alltid n\u00e4r det g\u00e4ller paddlingar med Tj\u00f6rns Kajakklubb vara en van paddlare som klarar en del v\u00e5gor och kamratr\u00e4ddning. V\u00e5ra turguider leder gruppen runt i den fina milj\u00f6n men du \u00e4r sj\u00e4lv ansvarig f\u00f6r din s\u00e4kerhet, \u00e4ven om vi i gruppen givetvis hj\u00e4lps \u00e5t om n\u00e5got intr\u00e4ffar.<\/p>\n<p>Gl\u00f6m inte att h\u00f6ra av dig om du vill avboka dig, s\u00e5 att n\u00e5gon annan glad paddlare kan f\u00f6lja med.<\/p>\n<p>Varmt v\u00e4lkommen! \ud83d\ude42<\/p>\n<p>Tj\u00f6rns Kajakklubb<\/p>\n","protected":false},"featured_media":639,"template":"","meta":{"_et_pb_use_builder":"","_et_pb_old_content":"","_et_gb_content_width":""},"product_brand":[],"product_cat":[19],"product_tag":[],"class_list":{"0":"post-203","1":"product","2":"type-product","3":"status-publish","4":"has-post-thumbnail","6":"product_cat-fredag","8":"first","9":"outofstock","10":"virtual","11":"sold-individually","12":"purchasable","13":"product-type-simple"},"_links":{"self":[{"href":"https:\/\/outdoortime.se\/stockentraffen\/wp-json\/wp\/v2\/product\/203","targetHints":{"allow":["GET"]}}],"collection":[{"href":"https:\/\/outdoortime.se\/stockentraffen\/wp-json\/wp\/v2\/product"}],"about":[{"href":"https:\/\/outdoortime.se\/stockentraffen\/wp-json\/wp\/v2\/types\/product"}],"wp:featuredmedia":[{"embeddable":true,"href":"https:\/\/outdoortime.se\/stockentraffen\/wp-json\/wp\/v2\/media\/639"}],"wp:attachment":[{"href":"https:\/\/outdoortime.se\/stockentraffen\/wp-json\/wp\/v2\/media?parent=203"}],"wp:term":[{"taxonomy":"product_brand","embeddable":true,"href":"https:\/\/outdoortime.se\/stockentraffen\/wp-json\/wp\/v2\/product_brand?post=203"},{"taxonomy":"product_cat","embeddable":true,"href":"https:\/\/outdoortime.se\/stockentraffen\/wp-json\/wp\/v2\/product_cat?post=203"},{"taxonomy":"product_tag","embeddable":true,"href":"https:\/\/outdoortime.se\/stockentraffen\/wp-json\/wp\/v2\/product_tag?post=203"}],"curies":[{"name":"wp","href":"https:\/\/api.w.org\/{rel}","templated":true}]}}