{"id":240,"date":"2022-07-03T22:16:39","date_gmt":"2022-07-03T20:16:39","guid":{"rendered":"https:\/\/outdoortime.se\/stockentraffen\/?post_type=product&#038;p=240"},"modified":"2025-07-18T17:35:42","modified_gmt":"2025-07-18T15:35:42","slug":"gront-paddelpass","status":"publish","type":"product","link":"https:\/\/outdoortime.se\/stockentraffen\/produkt\/gront-paddelpass\/","title":{"rendered":"Gr\u00f6nt paddelpass, tr\u00e4ning och examination"},"content":{"rendered":"","protected":false},"excerpt":{"rendered":"<p>Under tre timmar tr\u00e4nar vi p\u00e5 olika paddeltag och diskuterar hur vi effektivt styr och st\u00e4ller v\u00e5ra kajaker. Kursen startar p\u00e5 Stockens strand och avslutas p\u00e5 Herman\u00f6 huvud.<\/p>\n<p>Dagen efter har du m\u00f6jlighet att examinera dig p\u00e5 paddelpassets gr\u00f6na niv\u00e5. D\u00e5 paddlar vi en tur och du tilldelas olika uppgifter att l\u00f6sa.<\/p>\n<p>En examinering handlar fr\u00e4mst om att f\u00e5 en avst\u00e4mning p\u00e5 sin paddling f\u00f6r fortsatt utveckling. Kursen genomf\u00f6rs av Tomas Hamsten, Insikt ute.<\/p>\n<p>Varmt v\u00e4lkommen!<\/p>\n","protected":false},"featured_media":461,"template":"","meta":{"_et_pb_use_builder":"","_et_pb_old_content":"","_et_gb_content_width":""},"product_brand":[],"product_cat":[20],"product_tag":[],"class_list":{"0":"post-240","1":"product","2":"type-product","3":"status-publish","4":"has-post-thumbnail","6":"product_cat-lordag","8":"first","9":"instock","10":"sold-individually","11":"shipping-taxable","12":"purchasable","13":"product-type-simple"},"_links":{"self":[{"href":"https:\/\/outdoortime.se\/stockentraffen\/wp-json\/wp\/v2\/product\/240","targetHints":{"allow":["GET"]}}],"collection":[{"href":"https:\/\/outdoortime.se\/stockentraffen\/wp-json\/wp\/v2\/product"}],"about":[{"href":"https:\/\/outdoortime.se\/stockentraffen\/wp-json\/wp\/v2\/types\/product"}],"wp:featuredmedia":[{"embeddable":true,"href":"https:\/\/outdoortime.se\/stockentraffen\/wp-json\/wp\/v2\/media\/461"}],"wp:attachment":[{"href":"https:\/\/outdoortime.se\/stockentraffen\/wp-json\/wp\/v2\/media?parent=240"}],"wp:term":[{"taxonomy":"product_brand","embeddable":true,"href":"https:\/\/outdoortime.se\/stockentraffen\/wp-json\/wp\/v2\/product_brand?post=240"},{"taxonomy":"product_cat","embeddable":true,"href":"https:\/\/outdoortime.se\/stockentraffen\/wp-json\/wp\/v2\/product_cat?post=240"},{"taxonomy":"product_tag","embeddable":true,"href":"https:\/\/outdoortime.se\/stockentraffen\/wp-json\/wp\/v2\/product_tag?post=240"}],"curies":[{"name":"wp","href":"https:\/\/api.w.org\/{rel}","templated":true}]}}