{"id":1494,"date":"2018-05-25T14:55:00","date_gmt":"2018-05-25T12:55:00","guid":{"rendered":"https:\/\/outdoortime.se\/gotenborg\/?post_type=product&#038;p=1494"},"modified":"2018-06-10T22:24:46","modified_gmt":"2018-06-10T20:24:46","slug":"nyborjartur","status":"publish","type":"product","link":"https:\/\/outdoortime.se\/test\/product\/nyborjartur\/","title":{"rendered":"Nyb\u00f6rjartur"},"content":{"rendered":"","protected":false},"excerpt":{"rendered":"<h6><em>V\u00e5ra turer passar dig som vill ha n\u00e5gon att paddla med, tempot anpassas efter deltagarna.<\/em><\/h6>\n<p><strong>Program:<\/strong><br \/>\nSamling vid kajakboden (Grebo b\u00e5tklubb, Grebo) kl. 18.00.<br \/>\nGenomg\u00e5ng och uppdelning i kajakerna sedan paddlar vi iv\u00e4g och uppt\u00e4cker \u00c4rl\u00e5ngen, vi \u00e4r \u00e5ter vid kajakboden ca 2 timmar senare.<br \/>\n<strong>Antal deltagare:<\/strong><br \/>\nMinst 4 st, max 7 st.<br \/>\n<strong>Medtag:<\/strong><br \/>\nVattenflaska samt en extra tr\u00f6ja och byxor om det \u00e4r kyligt ute. P\u00e5 v\u00e5ra kajakturer ska alltid ett extra ombyte och handduk packas i en vattent\u00e4t s\u00e4ck\/plastp\u00e5se.<br \/>\n<strong>Pris:<\/strong><br \/>\n295 kr<br \/>\nI priset ing\u00e5r f\u00f6ljande: L\u00e5n av kajak och tillh\u00f6rande utrustning, flytv\u00e4st.<\/p>\n","protected":false},"featured_media":1454,"template":"","meta":{"_et_pb_use_builder":"","_et_pb_old_content":"","_et_gb_content_width":""},"product_brand":[],"product_cat":[70],"product_tag":[],"class_list":{"0":"post-1494","1":"product","2":"type-product","3":"status-publish","4":"has-post-thumbnail","6":"product_cat-boka-tur","8":"first","9":"instock","10":"virtual","11":"sold-individually","12":"taxable","13":"purchasable","14":"product-type-booking"},"_links":{"self":[{"href":"https:\/\/outdoortime.se\/test\/wp-json\/wp\/v2\/product\/1494","targetHints":{"allow":["GET"]}}],"collection":[{"href":"https:\/\/outdoortime.se\/test\/wp-json\/wp\/v2\/product"}],"about":[{"href":"https:\/\/outdoortime.se\/test\/wp-json\/wp\/v2\/types\/product"}],"wp:featuredmedia":[{"embeddable":true,"href":"https:\/\/outdoortime.se\/test\/wp-json\/wp\/v2\/media\/1454"}],"wp:attachment":[{"href":"https:\/\/outdoortime.se\/test\/wp-json\/wp\/v2\/media?parent=1494"}],"wp:term":[{"taxonomy":"product_brand","embeddable":true,"href":"https:\/\/outdoortime.se\/test\/wp-json\/wp\/v2\/product_brand?post=1494"},{"taxonomy":"product_cat","embeddable":true,"href":"https:\/\/outdoortime.se\/test\/wp-json\/wp\/v2\/product_cat?post=1494"},{"taxonomy":"product_tag","embeddable":true,"href":"https:\/\/outdoortime.se\/test\/wp-json\/wp\/v2\/product_tag?post=1494"}],"curies":[{"name":"wp","href":"https:\/\/api.w.org\/{rel}","templated":true}]}}