{"id":13,"date":"2019-07-26T21:43:40","date_gmt":"2019-07-26T19:43:40","guid":{"rendered":"https:\/\/outdoortime.se\/gokart\/?page_id=13"},"modified":"2023-04-11T14:40:59","modified_gmt":"2023-04-11T12:40:59","slug":"valkommen","status":"publish","type":"page","link":"https:\/\/outdoortime.se\/turer\/","title":{"rendered":"H\u00e4r \u00e4r alla v\u00e5ra upplevelser"},"content":{"rendered":"<p>[et_pb_section fb_built=&#8221;1&#8243; admin_label=&#8221;section&#8221; _builder_version=&#8221;4.6.1&#8243; background_image=&#8221;https:\/\/outdoortime.se\/turer\/wp-content\/uploads\/sites\/26\/2022\/05\/lummig_paddling-732&#215;1024.jpg&#8221; parallax=&#8221;on&#8221; parallax_method=&#8221;off&#8221; min_height=&#8221;1200px&#8221;][et_pb_row admin_label=&#8221;row&#8221; _builder_version=&#8221;3.25&#8243; background_size=&#8221;initial&#8221; background_position=&#8221;top_left&#8221; background_repeat=&#8221;repeat&#8221;][et_pb_column type=&#8221;4_4&#8243; _builder_version=&#8221;3.25&#8243; custom_padding=&#8221;|||&#8221; custom_padding__hover=&#8221;|||&#8221;][et_pb_text _builder_version=&#8221;4.6.1&#8243; _module_preset=&#8221;default&#8221; header_font=&#8221;Oswald|700||on|||||&#8221; header_text_color=&#8221;#ffffff&#8221; header_font_size=&#8221;60px&#8221;]<\/p>\n<h1>V\u00c5RA KURSER OCH TURER<\/h1>\n<p>[\/et_pb_text][\/et_pb_column][\/et_pb_row][\/et_pb_section][et_pb_section fb_built=&#8221;1&#8243; _builder_version=&#8221;4.6.1&#8243; _module_preset=&#8221;default&#8221;][et_pb_row _builder_version=&#8221;4.6.1&#8243; _module_preset=&#8221;default&#8221;][et_pb_column type=&#8221;4_4&#8243; _builder_version=&#8221;4.6.1&#8243; _module_preset=&#8221;default&#8221;][et_pb_text _builder_version=&#8221;4.6.1&#8243; _module_preset=&#8221;default&#8221; header_font=&#8221;Oswald|700||on|||||&#8221; header_text_color=&#8221;#002d2b&#8221; header_font_size=&#8221;60px&#8221;]<\/p>\n<h1>F\u00d6R GRUPPER<\/h1>\n<p>[\/et_pb_text][et_pb_shop type=&#8221;product_category&#8221; include_categories=&#8221;56&#8243; columns_number=&#8221;3&#8243; _builder_version=&#8221;4.6.1&#8243; _module_preset=&#8221;default&#8221; hover_enabled=&#8221;0&#8243; sticky_enabled=&#8221;0&#8243;][\/et_pb_shop][\/et_pb_column][\/et_pb_row][et_pb_row _builder_version=&#8221;4.6.1&#8243; _module_preset=&#8221;default&#8221;][et_pb_column type=&#8221;4_4&#8243; _builder_version=&#8221;4.6.1&#8243; _module_preset=&#8221;default&#8221;][et_pb_text _builder_version=&#8221;4.6.1&#8243; _module_preset=&#8221;default&#8221; header_font=&#8221;Oswald|700||on|||||&#8221; header_text_color=&#8221;#002d2b&#8221; header_font_size=&#8221;60px&#8221;]<\/p>\n<h1>KAJAK<\/h1>\n<p>[\/et_pb_text][et_pb_shop type=&#8221;product_category&#8221; include_categories=&#8221;70&#8243; columns_number=&#8221;3&#8243; _builder_version=&#8221;4.6.1&#8243; _module_preset=&#8221;default&#8221;][\/et_pb_shop][\/et_pb_column][\/et_pb_row][et_pb_row _builder_version=&#8221;4.6.1&#8243; _module_preset=&#8221;default&#8221;][et_pb_column type=&#8221;4_4&#8243; _builder_version=&#8221;4.6.1&#8243; _module_preset=&#8221;default&#8221;][et_pb_text _builder_version=&#8221;4.6.1&#8243; _module_preset=&#8221;default&#8221; header_font=&#8221;Oswald|700||on|||||&#8221; header_text_color=&#8221;#002d2b&#8221; header_font_size=&#8221;60px&#8221;]<\/p>\n<h1>KL\u00c4TTRING<\/h1>\n<p>[\/et_pb_text][et_pb_shop type=&#8221;product_category&#8221; include_categories=&#8221;34&#8243; columns_number=&#8221;3&#8243; _builder_version=&#8221;4.6.1&#8243; _module_preset=&#8221;default&#8221; hover_enabled=&#8221;0&#8243; sticky_enabled=&#8221;0&#8243;][\/et_pb_shop][\/et_pb_column][\/et_pb_row][et_pb_row _builder_version=&#8221;4.6.1&#8243; _module_preset=&#8221;default&#8221;][et_pb_column type=&#8221;4_4&#8243; _builder_version=&#8221;4.6.1&#8243; _module_preset=&#8221;default&#8221;][et_pb_text _builder_version=&#8221;4.6.1&#8243; _module_preset=&#8221;default&#8221; header_font=&#8221;Oswald|700||on|||||&#8221; header_text_color=&#8221;#002d2b&#8221; header_font_size=&#8221;60px&#8221; hover_enabled=&#8221;0&#8243; sticky_enabled=&#8221;0&#8243;]<\/p>\n<h1>PAKET UTAN GUIDE<\/h1>\n<p>[\/et_pb_text][et_pb_shop type=&#8221;product_category&#8221; include_categories=&#8221;55&#8243; columns_number=&#8221;3&#8243; _builder_version=&#8221;4.6.1&#8243; _module_preset=&#8221;default&#8221; hover_enabled=&#8221;0&#8243; sticky_enabled=&#8221;0&#8243;][\/et_pb_shop][\/et_pb_column][\/et_pb_row][\/et_pb_section]<\/p>\n","protected":false},"excerpt":{"rendered":"<p>V\u00c5RA KURSER OCH TURERF\u00d6R GRUPPERKAJAKKL\u00c4TTRINGPAKET UTAN GUIDE<\/p>\n","protected":false},"author":1,"featured_media":0,"parent":0,"menu_order":0,"comment_status":"closed","ping_status":"closed","template":"","meta":{"_et_pb_use_builder":"on","_et_pb_old_content":"<!-- wp:woocommerce\/featured-category {\"editMode\":false,\"categoryId\":53} -->\n<!-- wp:button {\"align\":\"center\"} -->\n<div class=\"wp-block-button aligncenter\"><a class=\"wp-block-button__link\" href=\"https:\/\/outdoortime.se\/turer\/produkt-kategori\/turerkurser\/\">L\u00e4s mer<\/a><\/div>\n<!-- \/wp:button -->\n<!-- \/wp:woocommerce\/featured-category -->\n\n<!-- wp:woocommerce\/featured-category {\"editMode\":false,\"categoryId\":34} -->\n<!-- wp:button {\"align\":\"center\"} -->\n<div class=\"wp-block-button aligncenter\"><a class=\"wp-block-button__link\" href=\"https:\/\/outdoortime.se\/turer\/produkt-kategori\/klattring\/\">L\u00e4s mer<\/a><\/div>\n<!-- \/wp:button -->\n<!-- \/wp:woocommerce\/featured-category -->\n\n<!-- wp:woocommerce\/featured-category {\"editMode\":false,\"categoryId\":55} -->\n<!-- wp:button {\"align\":\"center\"} -->\n<div class=\"wp-block-button aligncenter\"><a class=\"wp-block-button__link\" href=\"https:\/\/outdoortime.se\/turer\/produkt-kategori\/glamping\/\">L\u00e4s mer<\/a><\/div>\n<!-- \/wp:button -->\n<!-- \/wp:woocommerce\/featured-category -->","_et_gb_content_width":"","footnotes":""},"class_list":["post-13","page","type-page","status-publish","hentry"],"_links":{"self":[{"href":"https:\/\/outdoortime.se\/turer\/wp-json\/wp\/v2\/pages\/13","targetHints":{"allow":["GET"]}}],"collection":[{"href":"https:\/\/outdoortime.se\/turer\/wp-json\/wp\/v2\/pages"}],"about":[{"href":"https:\/\/outdoortime.se\/turer\/wp-json\/wp\/v2\/types\/page"}],"author":[{"embeddable":true,"href":"https:\/\/outdoortime.se\/turer\/wp-json\/wp\/v2\/users\/1"}],"replies":[{"embeddable":true,"href":"https:\/\/outdoortime.se\/turer\/wp-json\/wp\/v2\/comments?post=13"}],"version-history":[{"count":14,"href":"https:\/\/outdoortime.se\/turer\/wp-json\/wp\/v2\/pages\/13\/revisions"}],"predecessor-version":[{"id":3024,"href":"https:\/\/outdoortime.se\/turer\/wp-json\/wp\/v2\/pages\/13\/revisions\/3024"}],"wp:attachment":[{"href":"https:\/\/outdoortime.se\/turer\/wp-json\/wp\/v2\/media?parent=13"}],"curies":[{"name":"wp","href":"https:\/\/api.w.org\/{rel}","templated":true}]}}